e
Is 557717 composite?
False
Is 18095023 a prime number?
True
Is 16992686 a composite number?
True
Is 114398915 prime?
False
Is 307243 prime?
True
Is 4743854 a composite number?
True
Is 64407053 prime?
True
Is 5353129 prime?
False
Is 635395 a composite number?
True
Is 16582859 a composite number?
False
Is 77211409 a composite number?
True
Is 2288201 prime?
False
Is 2192713 a prime number?
True
Is 28012943 a prime number?
False
Is 199862153 a composite number?
False
Is 300264851 a composite number?
True
Is 162184249 composite?
True
Is 10733029 composite?
False
Is 4526317 composite?
True
Is 29093317 a prime number?
False
Is 17161061 a composite number?
True
Is 100942255 prime?
False
Is 2895577 a composite number?
True
Is 43635421 composite?
False
Is 27993947 composite?
False
Is 9759769 a composite number?
False
Is 23066711 prime?
True
Is 981352543 composite?
False
Is 12420973 a composite number?
False
Is 60362893 a prime number?
True
Is 309525919 composite?
True
Is 44782513 a prime number?
True
Is 637933 a prime number?
True
Is 1119829 a composite number?
True
Is 118635527 a composite number?
True
Is 15585793 composite?
False
Is 9587099 prime?
False
Is 10544349 a composite number?
True
Is 6902006 a composite number?
True
Is 373367 prime?
False
Is 117065507 a prime number?
False
Is 255637 prime?
True
Is 78850201 a prime number?
True
Is 238379051 prime?
True
Is 10628561 a prime number?
False
Is 680183 a prime number?
False
Is 59058799 prime?
False
Is 1602723 prime?
False
Is 55465001 a prime number?
True
Is 1057807 composite?
False
Is 2109806 a prime number?
False
Is 565968701 composite?
False
Is 1623701 prime?
True
Is 4057313 prime?
False
Is 106809097 a composite number?
True
Is 7597949 composite?
False
Is 17140753 a composite number?
True
Is 87497191 a prime number?
True
Is 1959823 a composite number?
True
Is 1834373 a prime number?
True
Is 2042891 prime?
True
Is 7105583 a prime number?
True
Is 947396017 a prime number?
True
Is 41317993 a prime number?
True
Is 16335089 a composite number?
False
Is 40213171 prime?
True
Is 36353567 composite?
False
Is 22080673 a composite number?
True
Is 35712395 a composite number?
True
Is 13770763 prime?
False
Is 6331147 composite?
False
Is 132545117 prime?
True
Is 2436341 composite?
False
Is 66240679 a composite number?
True
Is 7478869 a composite number?
False
Is 56618171 prime?
False
Is 157564339 prime?
True
Is 333404957 prime?
False
Is 23846101 composite?
True
Is 1067203 composite?
False
Is 26173271 prime?
True
Is 7480651 prime?
True
Is 1660199 composite?
False
Is 15300179 a composite number?
False
Is 130297759 composite?
False
Is 388741 a prime number?
False
Is 533411 composite?
True
Is 19507157 a prime number?
True
Is 21669911 composite?
True
Is 18097499 a prime number?
False
Is 20526535 a prime number?
False
Is 115264739 a composite number?
False
Is 374254739 a prime number?
False
Is 257741 a composite number?
True
Is 20739073 composite?
True
Is 3534503 composite?
True
Is 3978443 a composite number?
True
Is 337377 a prime number?
False
Is 5536471 composite?
False
Is 127994041 a composite number?
True
Is 4937731 composite?
False
Is 15943129 composite?
False
Is 2072321 a composite number?
False
Is 1739291 a prime number?
True
Is 12407309 prime?
True
Is 145016399 a composite number?
True
Is 15045301 a composite number?
True
Is 46247639 a composite number?
False
Is 65956493 a prime number?
True
Is 213987499 a prime number?
False
Is 7154207 prime?
True
Is 467620081 prime?
False
Is 53573329 a composite number?
True
Is 26416913 composite?
True
Is 277183 composite?
False
Is 1338269 a composite number?
False
Is 2154707 composite?
False
Is 36630403 a composite number?
False
Is 56360397 prime?
False
Is 7634623 composite?
False
Is 964753 a composite number?
False
Is 13377131 prime?
True
Is 92862643 prime?
False
Is 3289361 composite?
False
Is 56400389 composite?
True
Is 126918313 a prime number?
False
Is 6412493 a composite number?
False
Is 2945957 a composite number?
True
Is 1708247 a composite number?
False
Is 25893445 a prime number?
False
Is 35241187 a composite number?
True
Is 13236215 a prime number?
False
Is 333911 composite?
False
Is 47010869 a prime number?
False
Is 111389053 prime?
True
Is 1974881 prime?
True
Is 4327663 prime?
False
Is 225595 composite?
True
Is 72824221 composite?
False
Is 52586957 a composite number?
False
Is 21274273 prime?
False
Is 2092555 composite?
True
Is 19962935 a composite number?
True
Is 13801589 prime?
True
Is 26772659 composite?
False
Is 86958293 a prime number?
True
Is 32423707 composite?
False
Is 66411803 prime?
True
Is 1021309 composite?
True
Is 1725379 a prime number?
True
Is 44176883 composite?
True
Is 45152867 prime?
False
Is 2155783 composite?
True
Is 140117387 a composite number?
True
Is 2782567 composite?
False
Is 183382 composite?
True
Is 606299 prime?
True
Is 326073199 composite?
False
Is 59830223 prime?
False
Is 3162449 prime?
False
Is 140573369 a prime number?
False
Is 2072513 composite?
True
Is 239623057 a prime number?
False
Is 12769003 prime?
False
Is 437951849 prime?
False
Is 33882119 a composite number?
True
Is 4028363 composite?
False
Is 2978507 a composite number?
True
Is 19870099 composite?
False
Is 1411489 composite?
True
Is 213509587 prime?
False
Is 13415407 composite?
False
Is 410790077 a composite number?
True
Is 18962341 a composite number?
True
Is 52037329 composite?
True
Is 60277435 composite?
True
Is 919799 a composite number?
False
Is 24199049 a composite number?
True
Is 157502147 a prime number?
False
Is 32765089 a composite number?
True
Is 3529103 a prime number?
False
Is 12069103 a composite number?
False
Is 267789733 a composite number?
False
Is 551360509 composite?
True
Is 26927239 composite?
False
Is 517133 prime?
False
Is 5312803 prime?
True
Is 2543369 a composite number?
True
Is 482270539 a prime number?
True
Is 1599851 prime?
False
Is 1649449 a prime number?
True
Is 1514197 a composite number?
False
Is 287965087 composite?
False
Is 16624747 prime?
True
Is 321991 a prime number?
True
Is 448018469 a prime number?
True
Is 207902 prime?
False
Is 14785027 a prime number?
True
Is 8392367 composite?
True
Is 18122591 a composite number?
False
Is 159113 a prime number?
True
Is 4710749 prime?
True
Is 1753071 composite?
True
Is 1086923 prime?
True
Is 1442057 composite?
False
Is 44220287 a composite number?
True
Is 11043947 prime?
False
Is 3438611 prime?
False
Is 10160765 a composite number?
True
Is 1249603 prime?
True
Is 8450537 prime?
True
Is 76630751 prime?
True
Is 3698581 a prime number?
True
Is 27178381 a composite number?
True
Is 7269461 prime?
True
Is 32638493 composite?
False
Is 52341173 prime?
False
Is 34693553 prime?
True
Is 25967078 prime?
False
Is 54816913 a composite number?
False
Is 73204799 prime?
False
Is 72586381 prime?
False
Is 6579497 prime?
False
Is 82468847 prime?
False
Is 301751951 prime?
True
Is 234465181 prime?
False
Is 10495637 prime?
False
Is 5796983 a composite number?
True
Is 621032969 prime?
True
Is 12612683 composite?
True
Is 1380644123 prime?
True
Is 37202593 composite?
False
Is 1630134103 a composite number?
True
Is 1075843 a composite number?
False
Is 856663 a composite number?
True
Is 1154051 a prime number?
True
Is 243343859 composite?
True
Is 4558877 a prime number?
False
Is 13518013 composite?
False
Is 14306989 prime?
False
Is 128313019 a composite number?
True
Is 21245269 prime?
False
Is 61143889 composite?
False
Is 82921 prime?
False
Is 21088345 prime?
False
Is 8225117 prime?
True
Is 148788799 prime?
True
Is 36866779 composite?
False
Is 100721447 composite?
True
Is 5258821 a composite number?
False
Is 24314713 composite?
False
Is 13697633 prime?
False
Is 64840403 a composite number?
True
Is 19405271 composite?
False
Is 78417371 a composite number?
True
Is 228998989 a composite number?
True
Is 1259911 composite?
True
Is 222548839 a composite number?
False
Is 16100059 a composite number?
False
Is 2493658 composite?
True
Is 753563 composite?
True
Is 785400311 a composite number?
False
Is 71764739 a composite number?
True
Is 1445839 a composite number?
True
Is 28916443 a composite number?
False
Is 5651571 composite?
True
Is 39646339 a composite number?
True
Is 312603887 a prime number?
True
Is 150886291 composite?
